z + 1 = 3. Let b(k) be the third derivative of -7*k**4/24 + k**3/6 - k**2. Determine b(z).
-6
Suppose -15 = 3*r - 8*r. Suppose 0 = -3*w - c - r*c - 14, -5*w + 5*c = 0. Let b(y) = 2 - 2*y + 5*y - 269*y**2 + 270*y**2. Give b(w).
0
Let q(d) = -d**2 - 4*d. Let p = -61 - -86. Suppose 0*h - p = 5*h. Calculate q(h).
-5
Let f be 12/(-6)*(-1)/2. Suppose p = -0 + f. Let n(t) = -t - 2. Let o(l) = 2*l + 2. Let w(u) = 3*n(u) + 2*o(u). Give w(p).
-1
Suppose c - 8 = 3*c. Let v = -1 - c. Let o(g) = -5 - 2 - g**3 + 3*g**2 + 5 + 3 + v*g. Determine o(4).
-3
Let l be ((-1)/(-2))/((-2)/(-8)). Let v(q) be the third derivative of 0*q + 11*q**2 - 1/8*q**4 + 0 + 1/2*q**3 + 1/30*q**5. Calculate v(l).
5
Suppose 3*d - 1 = -2*t, 4*d + d - 9 = 4*t. Let o = t - 2. Let g(y) be the second derivative of -y**5/20 - y**4/3 - y**3/6 + y**2/2 - 34*y. What is g(o)?
-5
Let s(i) = -2*i - 5. Suppose -15 - 1 = 4*d. Calculate s(d).
3
Let m(b) be the third derivative of 0*b**3 + 0 - 1/6*b**4 + 0*b - 4*b**2. Give m(-2).
8
Suppose 2*x - 4 = -2*h, 7 = 4*x + h - 10. Suppose 15 = -0*d - x*d. Let f(a) = -a**3 - 3*a**2 - 1. Determine f(d).
-1
Let r(p) be the second derivative of p**3/2 - p**2/2 + 7*p. What is r(3)?
8
Let y(h) = -h**3 - 5*h**2 - h - 7. Let a be 0/(-1*(2 + -1)). Suppose -3*r + a = 15. What is y(r)?
-2
Let r(j) be the first derivative of -j**4/4 + 2*j**3 + 4*j**2 + j - 52. Determine r(7).
8
Let p(l) = -l**3 - 8*l**2 - 8*l - 3. Let j be p(-7). Suppose 3*s = -2*s + 3*x - 7, -j*s + 8 = x. Let t(a) = -2*a**3 - a**2 + 1. What is t(s)?
-2
Let m be 2/(-3) + (-48)/(-18). Let p(l) = -11*l**m + 8*l**2 - 6 + 2*l**2. Calculate p(0).
-6
Let w(j) = j**3 + 4*j**2 - 5*j. Let q(l) = 2*l**3 + 9*l**2 - 11*l. Let n(o) = 2*q(o) - 5*w(o). Give n(-3).
0
Let g(q) be the first derivative of -7*q**2 + q - 12. Calculate g(-1).
15
Suppose -3*m - 2*y + 0 - 1 = 0, 0 = -4*m - 4*y - 4. Let j(k) = 7*k**3 + k**2. Calculate j(m).
8
Suppose 4*z - 4*l = -z + 15, -5*l - 12 = -4*z. Let a(r) = 5*r - r + 3*r**2 - 3 - 4*r**2. Determine a(z).
0
Suppose -2*j = -0*j - 10. Let b(h) = -h**2 + 7*h - 3. What is b(j)?
7
Suppose -3*v + 13 = 2*g, g + 7 = v + 2*v. Let x(u) = -2*u**2 + 3*u**2 - 2*u**2 - 3 + 3*u + 2*u**g. Let f be 1/(-3) - (-28)/(-6). What is x(f)?
7
Suppose 0 = -3*v - 3*l, 8*v = 4*v - 2*l + 4. Let j(p) = -6*p**3 + p**3 + 5*p**v - 5*p + 4*p**3 + 1. Calculate j(4).
-3
Let v(g) = -8*g - 4. Let l(b) = -7*b - 2*b - 4 - 1. Let m(q) = 4*q + 1. Let z be m(1). Let f(p) = z*l(p) - 6*v(p). What is f(2)?
5
Let t(n) be the first derivative of 1 + 0*n + 1/24*n**4 + 0*n**3 - n**2. Let u(q) be the second derivative of t(q). Calculate u(-3).
-3
Let i(p) be the second derivative of -p**4/12 + 2*p**3/3 + 3*p**2 + 4*p. Let m(l) be the first derivative of i(l). What is m(3)?
-2
Let d be 9/(((-3)/15)/((-8)/(-60))). Let x(c) = c. Determine x(d).
-6
Suppose -u = -4*l + 24, 23 = 3*l - 3*u + 5. Suppose -4*v + l + 2 = 0. Let q(g) = -2*g + 2. Calculate q(v).
-2
Let q = -6 + 14. Suppose -3*b + q = 2. Let k(v) = -4*v - 1 - v**2 - v**2 + 3*v**b. Determine k(5).
4
Let b(k) = -k**2 + 3*k + 2. Let t(j) = j - 1. Let f(l) = -b(l) - 2*t(l). Determine f(5).
0
Let k be (-4)/10 + 3*(-176)/(-120). Let x(n) = 5*n - 4. Calculate x(k).
16
Suppose -62 = 5*h - 4*x - 17, 0 = -h - x. Let m(u) = -u**2 - 4*u - 4. What is m(h)?
-9
Suppose -223*p = -220*p + 15. Let x(d) be the second derivative of 5/6*d**3 + 1/12*d**4 + 2*d + 0 - 7/2*d**2. What is x(p)?
-7
Let c(p) = -5*p**2 + 25*p - 15. Let y(f) = -f**2 + 5*f - 3. Let q(z) = -2*c(z) + 11*y(z). Let i be 1/(-3) - (0 + 14/(-6)). Calculate q(i).
3
Suppose 4*j - c = -3 - 19, 5*j = 3*c - 31. Suppose 2*u + p = 16, -5*u + 3*p + 5 = -24. Let h(o) = 3*o + o**2 + u + 8*o - 3*o + 0*o**2. Determine h(j).
-8
Suppose 4*x + 12 = 44. Suppose -3*b - x = -7*b. Let p(c) = 5*c + 5*c**b - 4 - 3*c + 5 - 3*c**2. What is p(-3)?
13
Let r(t) = t + 12. Suppose 3*b = -c - 24, -18 = 5*b + 7. Let w be r(c). Suppose -w*i - 3*q + 5 = -22, -q + 13 = 2*i. Let n(y) = y**2 - 5*y + 4. What is n(i)?
0
Suppose 8 = -4*v + 4. Let d = 1 - v. Let r(i) = -i**2. Determine r(d).
-4
Let g(y) = -y. Suppose -3*o = q + 4*q + 17, 4*q - 5*o = -21. Let p be g(q). Let k(n) be the second derivative of -n**4/12 + n**3 - n**2 + n. Determine k(p).
6
Let g(o) be the first derivative of o**4/4 - o**3/3 + o**2 + 25. What is g(2)?
8
Let x(m) = m + 4 + m - 3*m. Let y be x(7). Let v(s) = s + 6. Give v(y).
3
Let d(y) = 2*y - 30. Let t be d(14). Let x(u) = -u**2 - u. Determine x(t).
-2
Let v be (10/4)/((-2)/(-4)). Suppose -c + 0 + v = 0. Let r(p) = 11 - 4*p - 9 + c*p. What is r(-4)?
-2
Let i be 0 - (-4)/6*6. Let j(m) = -i*m + 3*m + 2 - 2. Calculate j(2).
-2
Let j be ((-52)/(-39))/(2/3). Let h(t) = 9*t. Determine h(j).
18
Suppose -2*k - 33 = 5*n, 2*n - 2*k - 2 = k. Let p(i) be the third derivative of -i**6/120 - i**5/12 + i**4/24 - i**3/2 - 3*i**2. Calculate p(n).
-8
Let r(x) = -x**2 - x + 2. Suppose 0 = 2*u - 4*k + 8, -u = -0*k + 2*k. Let p be r(u). Let o(i) = -i**2 + i - 6. Determine o(p).
-6
Let g(w) = -2*w**2 - 16*w - 10. Let a be g(-8). Let r(v) = -v**3 - 11*v**2 - 10*v - 1. Give r(a).
-1
Let t(b) = 1019*b + 1 - 1 - 1021*b. Suppose 2 = 2*y - 4*y. Calculate t(y).
2
Let s(p) = -14*p**3 - 14*p**2 + 3*p + 41. Let c(b) = 5*b**3 + 5*b**2 - b - 14. Let m(a) = -17*c(a) - 6*s(a). Calculate m(0).
-8
Let i(b) = 5*b - 1. Let w(l) = -4*l + 2. Let v(y) = -5*i(y) - 6*w(y). Let d(p) = -p**3 - 2*p**2 + 8*p - 5. Let z be d(-4). Determine v(z).
-2
Let l = -2 - -2. Let y(z) = -4 + 173*z + 3 - 172*z + z**3. Give y(l).
-1
Let x(m) = 7 + 4 - 13 + 5*m**2 - 4*m**2 + m. Determine x(-4).
10
Suppose i - 4 = -6. Let h = -26 - -28. Let d be h/(2 + -3) + i. Let u(s) = 2*s. Calculate u(d).
-8
Let h(x) be the second derivative of -x**5/20 - x**4/12 - 3*x**2 + 7*x. What is h(0)?
-6
Suppose -5*c + 18 = 4*k + 6, -5*c = 3*k - 9. Let l(o) be the second derivative of o**4/12 - 5*o**3/6 - o**2/2 - o. Give l(k).
-7
Let l(f) = -f**3 + f**2 - f + 2. Suppose -4*d - 3*n - 4 = 7, 3*d + 4*n = -3. Let j = d - -5. Determine l(j).
2
Let y(h) = -h**3 - 14*h**2 + 11*h + 15. Let d(z) = 2*z**3 + 27*z**2 - 23*z - 31. Let b(f) = -3*d(f) - 5*y(f). Calculate b(-12).
-6
Let i(f) = 6*f + f**2 + f**2 - 3*f**2. Determine i(6).
0
Let y be 1/3 - (-10)/6. Let r(q) = 5 + q + 2 - q**y - 3. Let f be r(0). Let l(m) = -m**2 + 6*m - 5. Calculate l(f).
3
Let k(s) = 16*s + 26. Suppose -1 = -2*q + 3. Let h(y) = 3*y + 5. Let g = -16 + 5. Let z(n) = g*h(n) + q*k(n). Give z(5).
-8
Suppose 0 = 2*q + 2 + 2. Let v(b) be the second derivative of -b**5/120 + b**3 + b. Let d(g) be the second derivative of v(g). Give d(q).
2
Suppose 7 = -t - 3*g, 2*t - 21 = -t + 5*g. Let o be t*-2 + -7 + 5. Let i(y) = 3*y - y - 3*y + 2*y + 14. What is i(o)?
8
Suppose -q + a + 5 = -1, 0 = -2*q + 3*a + 16. Let f(k) be the second derivative of k**5/20 - k**4/4 + k**3/6 + 27*k. What is f(q)?
-2
Let a(k) be the first derivative of k - k - 1 - 2*k**2 - 6*k. Suppose 21*i + 160 - 55 = 0. What is a(i)?
14
Let k(i) = -3 + 3 + 1 + 2*i + 0. Give k(1).
3
Let b = -11 - -6. Let y(v) = v**2 + 2*v - 4. Give y(b).
11
Let y(r) = 3*r - 2. Let g be y(2). Suppose -g*b + 8 = -5*c, -4*c - 5 = c - 5*b. Let l(j) = j**2 + 6*j + 6. Determine l(c).
-2
Let s(l) = -2*l**3 + 5*l**2 + l - 4. Let w(v) = v**3 - v**2 + 1. Suppose 3 + 2 = 5*k. Let c(u) = k*s(u) + 4*w(u). Determine c(-2).
-14
Let p(t) be the third derivative of t**4/24 + t**3/6 - 24*t**2. Suppose -b + 18 + 6 = -5*z, -z = 4. What is p(b)?
5
Let c(r) = -r**2 + 4*r + 5. Suppose -b + 16 = 3*b. Determine c(b).
5
Suppose -5*p - 24 + 6 = -z, -30 = -5*z + 5*p. Let i(o) = 0*o - 1 + z - 1 - 2*o. What is i(4)?
-7
Let u(r) = -7 + 0*r + 4 + 3*r + 1. What is u(-5)?
-17
Suppose -9*g = -2*g - 7. Let p(l) = 2*l**2 - l. What is p(g)?
1
Suppose 4*g + o = -0*o + 18, -2*o = -2*g + 4. Let n(c) = -c + g*c - 7 - c. Let b be (-2)/(-2) - (-4 + 0). What is n(b)?
3
Let y(i) = i + 9. Let r be y(-7). Suppose r*p + 0*p - 4 = 0. Let o(l) = -2*l + l**3 + l + 4*l + 4*l**p. Calculate o(-3).
0
Let b(o) = o**3 - 3*o**2 - o. Let x be b(2). Let y(s) = -3*s**2 + 14*s - 3. Let g(m) = -4*m**2 + 21*m - 4. Let k(z) = -5*g(z) + 7*y(z). Determine k(x).
5
Suppose 5*p - 4 = 1. Let k = -38 + 41. Let z(q) = 3 - p - 2 + k*q. Give z(2).
6
Let i be 2/(-2)*18/21*7. Let s(o) = o**3 + 6*o**2 + 3*o 